mainder when d is divided by x.
3
Suppose -d = -7 - 0. What is the remainder when 33 is divided by d*3*(-12)/(-14)?
15
Let r = 32 - 22. Let b = r + 3. What is the remainder when b is divided by 4?
1
What is the remainder when (-399)/(-12) + 3/(-12) is divided by 9?
6
Let u = 2 + -3. Let b = u - -4. Suppose -4*x + 20 = -b*o - 0*o, 2*x + 3*o = 28. What is the remainder when x is divided by 5?
3
Let q = -388 + 552. What is the remainder when q is divided by 33?
32
Calculate the remainder when 117 is divided by (-60)/(-5)*(-4)/(-2).
21
Let q(u) = 4*u - 11. Let t(h) = -9*h + 23. Let o(n) = -5*q(n) - 2*t(n). Calculate the remainder when o(-7) is divided by 6.
5
Let v = 50 - -55. Calculate the remainder when v is divided by 32.
9
Suppose 38 = 3*l - a, -5*l = -2*l + a - 46. What is the remainder when 54 is divided by l?
12
Suppose 5*s + 0*i = 2*i + 142, 5*s = -i + 154. What is the remainder when s is divided by 8?
6
Suppose 5*u - 8*u = -144. What is the remainder when 95 is divided by u?
47
Let m(i) = i**3 - 6*i**2 + 5*i - 6. Let n be m(5). Let s(o) = 12*o**2 + 7*o - 2. Let u be s(n). What is the remainder when u/14 + (-2)/(-7) is divided by 10?
8
Suppose -3 = -2*q + 43. Suppose -3*p = -2*a - 3 + 7, -20 = -2*a - p. Calculate the remainder when q is divided by a.
7
Let m be ((-12)/(-14))/(2/14). Suppose 0 = -5*t + m + 19. What is the remainder when (-6)/(-2) + 11 + -1 is divided by t?
3
Let m be (-18)/(-99) + 40/22. Let d be (m - 1) + -1 + 80. Let q = d - 42. Calculate the remainder when q is divided by 10.
8
Let d be (-6)/((16/10)/4). Let v = 84 + d. What is the remainder when v is divided by 18?
15
Let h be ((-2)/(-4))/(1/4). Suppose h*x - 64 = 88. Suppose -4*r + x = -k + 5*k, -77 = -5*k + 4*r. What is the remainder when 32 is divided by k?
15
Let v = -5 + 8. Let m = v - -3. Calculate the remainder when 10 is divided by m.
4
Let m = 9 + -6. Suppose u - 4 = -m*u. Let n(l) = 51*l**3 + 2*l**2 - 2*l + 1. Calculate the remainder when n(u) is divided by 18.
16
Suppose 2*g = 5*t + g - 199, 2*g = -8. Calculate the remainder when t is divided by 21.
18
Let r = -103 - -116. Suppose 0 = -4*u + 16, 4*m = -2*u + 88 + 16. Calculate the remainder when m is divided by r.
11
Suppose 5*z = 3*a + 36, -5*z + 9 = -5*a - 41. Let i = a + 9. Let p = i + 2. Calculate the remainder when p is divided by 3.
1
Suppose -h + 0*h + 7 = d, 7 = 4*h - 3*d. Calculate the remainder when 10 is divided by h.
2
Suppose -3*x + x + 106 = 0. Suppose 0 = -3*u + x + 1. What is the remainder when 35 is divided by u?
17
Let o(g) = -22*g**3 - g**2 + g + 1. Let j be o(-1). Suppose -5*u + 49 = -21. Calculate the remainder when 19 is divided by (-4)/u + 216/j.
9
Let u(v) = 4 - 10*v - 3*v**3 + 6*v**2 + 4*v**3 - 13. Suppose 4*r + 22 = b, -r + 0*r = -3. Calculate the remainder when b is divided by u(-7).
10
Let c(f) = 8*f - 21. Calculate the remainder when 129 is divided by c(6).
21
Let t be 12/20 - (-126)/15. Let q be (120/18)/((-2)/t). What is the remainder when -2*(-3)/(-6)*q is divided by 16?
14
Suppose 6*t - 110 = 4*t. Calculate the remainder when t is divided by 4.
3
Let m be (-2 - -1)/(2/(-2)). Suppose l - m = 3. Let q = l + -2. What is the remainder when 2 is divided by q?
0
Let y = -11 - -15. Calculate the remainder when 6 is divided by y.
2
Suppose -5*z + 0 = -10. Suppose 2*q - 22 = z. Calculate the remainder when 22 is divided by q.
10
Suppose 1 + 5 = 3*k, -206 = -3*m - 4*k. Suppose 5*d - 4*g + 46 = 135, 5*d - 87 = 2*g. Calculate the remainder when m is divided by d.
15
Suppose 6*a - 3*a = 186. Suppose j + a = 3*j. Calculate the remainder when j is divided by 11.
9
Suppose -3*o + 81 = -117. What is the remainder when o is divided by 34?
32
Suppose 4*o - 14 = 6. Calculate the remainder when 11 is divided by o.
1
Suppose 5*k = 2*o + 108, 5*o - 114 = -5*k + o. What is the remainder when 108 is divided by k?
20
Suppose 4*w = -w + 10. Suppose 0 = l, -5*s = -w*s + 2*l - 18. Suppose 3 + s = v. Calculate the remainder when 17 is divided by v.
8
Calculate the remainder when 110 is divided by (-2)/3*3 - (-39)/1.
36
What is the remainder when 27 is divided by ((-27)/(-15))/((-6)/(-50))?
12
Let j = -66 - -94. Calculate the remainder when 195 is divided by j.
27
Let r be 8 + -3 - (5 - 7). Let z(q) = 4*q - 13. What is the remainder when 57 is divided by z(r)?
12
Let w(l) = 2*l**2 + 3*l. Let b be w(-2). Calculate the remainder when (b/(-6))/(3/(-9)) is divided by 1.
0
Let m = 12 + -7. Suppose 0 = -5*d + y - 6*y + 45, 0 = 5*d - m*y - 55. Calculate the remainder when 39 is divided by d.
9
Let h(q) = -q**2 - 9*q - 5. Suppose 2*j - 3*a = 84, -3*a = 8*j - 7*j - 24. Calculate the remainder when j is divided by h(-6).
10
Let l(m) = 2*m**2. Let q(w) = w**2. Let k(s) = -l(s) + 3*q(s). What is the remainder when 63 is divided by k(-4)?
15
Suppose b + 3*b = 132. What is the remainder when b is divided by ((-68)/(-4))/(-1 - -2)?
16
Let k(q) = -5*q + 3. Let x = 7 - 12. What is the remainder when k(x) is divided by 10?
8
Let s = -280 + 301. Let d(x) = 10*x**3 + 2*x - 2. Calculate the remainder when d(2) is divided by s.
19
Let u(q) = -2*q + 1. Calculate the remainder when 2 - (0 + (-18 - -1)) is divided by u(-3).
5
Let k(t) = t**2 - 3*t - 7. Let o be k(5). Calculate the remainder when o/(-1 - 0) + 11 is divided by 5.
3
Suppose 4*u - 4 = 2*n, 3*u - u - 3*n = -6. Let c = -46 - -54. What is the remainder when c is divided by u?
2
Suppose 0 = d + d - 18. Let m = d - -14. Calculate the remainder when 89 is divided by m.
20
Let r = -2 - -29. What is the remainder when 79 is divided by r?
25
Let c(m) = 28*m - 14. Let g(t) = 28*t**2 - 1. What is the remainder when g(-1) is divided by c(1)?
13
Let r(k) = 4*k**3 - k**2 + k - 1. Let n be r(2). Suppose -2*p + n + 21 = 0. What is the remainder when p is divided by 13?
12
Suppose 17 = 4*i - 3. Suppose -g = -25 - 3. Suppose t + i*l = 40, -l + g = t + l. What is the remainder when 39 is divided by t?
19
Let d = -1 + -5. Let y = d + 13. What is the remainder when (-237)/(-12) + (-2)/(-8) is divided by y?
6
Suppose -4*k - 4*f + 200 + 20 = 0, -2*f = 3*k - 169. Suppose 0*r = -r. What is the remainder when k is divided by r + 16 + 2 + 2?
19
Let j(l) = l**3 + 7*l**2 - 3*l + 3. Calculate the remainder when j(-7) is divided by 9.
6
Let o(g) = g - 4. What is the remainder when o(27) is divided by 3?
2
Suppose 0 = -18*d + 16*d + 10. What is the remainder when 23 is divided by d?
3
Let l = 108 + 250. Suppose 5*p + 2*h - 90 = 0, -5*p + 0*p = -2*h - 70. Calculate the remainder when l/8 + (-2)/(-8) is divided by p.
13
Let s be 4/14 - (-26)/7. Let y(u) = 3*u - 1. Suppose 4*x = 111 + 9. What is the remainder when x is divided by y(s)?
8
Calculate the remainder when 46 is divided by 14/7 + (-16)/(-2).
6
Suppose -6*a + 2*a = 0. Suppose a = -2*y + 77 - 25. Calculate the remainder when 101 is divided by y.
23
Suppose -32 = -4*i + 2*i. What is the remainder when 45 is divided by i?
13
Suppose 15 + 15 = 6*w. Suppose 8 = 4*q - 48. Calculate the remainder when q is divided by w.
4
Let a = -21 + 35. What is the remainder when a is divided by 9?
5
Suppose -5*y + 135 = 2*k + 14, 0 = -y - 5*k + 38. Suppose -151 = 5*z - 56. Let j = z - -31. Calculate the remainder when y is divided by j.
11
Suppose -6*w + 3*w = 18. Let h(i) be the first derivative of i**3/3 + 5*i**2/2 + 7*i - 1. What is the remainder when 50 is divided by h(w)?
11
Let q(t) = t**2 - 8*t - 5. Let f be q(7). Suppose -4*j + 0*j = -132. Let y = f + j. What is the remainder when 40 is divided by y?
19
Let m = 24 + -5. What is the remainder when 37 is divided by m?
18
Suppose -3*u = 5*k - 113, 4*u + 5*k = 111 + 38. Suppose -2*r - u = -4*r. Calculate the remainder when r is divided by 5.
3
Let g(y) = -8*y - 3. Let m be g(-7). Let s = m - 36. Calculate the remainder when 66 is divided by s.
15
Let a(j) = j + 8. Let k be a(-9). Let u(t) = 1 + 2*t - 3*t - 4*t. Calculate the remainder when 10 is divided by u(k).
4
Suppose u + 0 - 13 = 0. Suppose -3*z = -5*z - 10. What is the remainder when z - -2 - (2 + -43) is divided by u?
12
Suppose -7*n + 56 = -0*n. What is the remainder when 23 is divided by n?
7
Calculate the remainder when 135 is divided by ((-34)/6)/(2/(-12)).
33
Let y(z) = -z + 7. Let c = 6 - 4. Let h be (-1*2)/c + 1. What is the remainder when y